*c = 57*c + 5058. What are the prime factors of c?
2, 281
Suppose 3*a - b = 2*b, -2*a - 5*b = 21. List the prime factors of (4/a)/((-10)/75).
2, 5
Suppose -4*a + i = -304 - 181, 4*a - 460 = -4*i. List the prime factors of a.
2, 3, 5
Let l(x) = -27*x**3 + x**2 + 2*x + 1. Let f be l(-1). Let p = f - -88. List the prime factors of p.
5, 23
Suppose -14 = -3*p + u, p - 4*u - 16 = -p. Suppose -3*h + p*o + 136 = 0, -5*h = o + o - 192. List the prime factors of h.
2, 5
Suppose -3*f = -2*b - b - 33, 0 = 2*f + 5*b - 36. Suppose -2*w = 3*d + w - 75, d + 4*w = f. List the prime factors of d.
29
Let c = 651 - 521. What are the prime factors of c?
2, 5, 13
Let x(k) be the second derivative of -k**4/12 - 11*k**3/6 - 9*k**2/2 + 4*k. Let w be (-4)/(-8)*-4 + -4. List the prime factors of x(w).
3, 7
Let s be (-5 - -5 - 0) + (-36)/(-2). Suppose -7 = -r + s. List the prime factors of r.
5
Let c be (-1)/4 + (-243)/4 + 1. Let x = 99 + c. List the prime factors of x.
3, 13
Let b(s) = 5*s + 113. List the prime factors of b(13).
2, 89
Suppose w - 1108 = -2*p, 0*w + 3*w - 3308 = -2*p. What are the prime factors of w?
2, 5, 11
Suppose -48*f + 23 = u - 49*f, 5*f - 60 = -2*u. Suppose -3*x + 40 + 50 = 0. Let c = x - u. What are the prime factors of c?
5
Let p(j) = -2*j**2 - 3*j**2 + 4*j**2 - 4 + 5*j. Let l be p(4). Suppose 2*n + 0 - 4 = l. List the prime factors of n.
2
Suppose -4*h + 5*v + 16 = -1, -2*v = 3*h + 16. What are the prime factors of 35/2 + h/4?
17
Suppose 6*q - q = -45. Let c = q - -9. Suppose 89 = 3*u + y, 0 = -5*u - c*y + 4*y + 154. What are the prime factors of u?
2, 3, 5
Suppose 0 = -3*u - c + 1621, 544 = u - 0*u + 4*c. What are the prime factors of u?
2, 3, 5
Let d(x) = 18*x + 9. Let k(v) = -36*v - 17. Let w(c) = -5*d(c) - 3*k(c). Let r be w(-6). Let m = r + 184. List the prime factors of m.
2, 41
Suppose -26*s = -43*s + 21488. List the prime factors of s.
2, 79
Suppose 3*n = 2*m + 6*n + 6, 0 = -3*n. Let h = -586 - -352. List the prime factors of m/12 - h/8.
29
Let w(p) = p**3 - 8*p**2 + 1. Let q be w(8). Let y be (-3*(-82)/6)/q. Let n = -12 + y. List the prime factors of n.
29
Let u(g) = 9*g - 31. Let f be u(-10). Let x = -75 - f. What are the prime factors of x?
2, 23
Let r(h) = 15*h**3 - 3*h**2 + 22*h - 5. What are the prime factors of r(4)?
5, 199
Let i(y) = y**2 + 21*y - 12. Let d be i(-24). Let g = d + -12. List the prime factors of g.
2, 3
Suppose 16*i + 645 = 20997. List the prime factors of i.
2, 3, 53
Suppose -8*t + 7*t = -800. Suppose -a + t = 3*a. Suppose 200 = 4*o - 0*o - v, 4*o - a = -3*v. What are the prime factors of o?
2, 5
Suppose -440 = j + 3*j. What are the prime factors of (-878)/(-11) + (-20)/j?
2, 5
Let k(o) = -2*o**3 - 7*o**2 + 7*o + 54. List the prime factors of k(-10).
2, 3, 107
Suppose j + 4 = 2*j - 3*l, -2*j - l = -1. Let z(x) = 46*x + 1. List the prime factors of z(j).
47
Let d(y) = 92*y - 12. What are the prime factors of d(3)?
2, 3, 11
Let y = 403 - -231. What are the prime factors of y?
2, 317
Suppose -17*y + 6*y + 3102 = 0. Suppose y = 3*v - 3*b, -v - 470 = -6*v - b. List the prime factors of v.
2, 47
Let j be (-416)/72 + 4/(-18). What are the prime factors of 2 - (3 - -178*3/j)?
2, 11
Suppose 228 = -3*h - 2*f + 1671, -5*h + 2*f = -2389. What are the prime factors of h?
479
Let f = 10 + -4. Suppose -7*u = -f*u - 50. List the prime factors of u.
2, 5
Let s(r) = -r**2 - 48*r + 25. List the prime factors of s(-17).
2, 3, 23
Let i be (-2)/(-8) - (-190)/8. Suppose -24 = 4*f - 0*f. What are the prime factors of (272/i)/((-4)/f)?
17
Suppose -u - 5 = 0, 2*j + 45 = 7*j + 2*u. Let l = 49 + j. What are the prime factors of l?
2, 3, 5
Let i = 17 - 31. Let f = i + 19. Suppose 4*c = -k + 5*k - 152, 2*c = f*k - 175. What are the prime factors of k?
3, 11
Let i(r) = -50*r + 2. Let u(x) = -x - 1. Let b be u(0). List the prime factors of i(b).
2, 13
Suppose -3*r = -r. List the prime factors of 2 + r + 58 + -12.
2, 3
Let c be 6/(-4) + (-2 - 2284/(-8)). Let h = c + -201. List the prime factors of h.
3
Let n be 2 - (-1)/(3/21). Let m be -12*n/(-1) + 2. Suppose 2*p - m = -3*p. What are the prime factors of p?
2, 11
Let n(f) = f**3 + 10*f**2 - 7*f + 7. Suppose 2*c = 2*a - 24, -1 = 2*c + 2*a + 15. List the prime factors of n(c).
7, 11
List the prime factors of (-1*(-11 - -5))/(4/730).
3, 5, 73
Let v be 8/6*(3 - 0). Suppose 3*i + 66 = w + w, -v*w = -i - 12. Let c = i + 54. What are the prime factors of c?
2, 3, 5
What are the prime factors of (-4)/(-7) + (-734912)/(-448)?
3, 547
Let x be (-2)/(-6) - 60/(-36). Suppose -x*r = -3*r + 5. Suppose r*a = -0*a + 55. List the prime factors of a.
11
Let p be (-11)/(-44) + 46/8. Suppose u = p*u - 365. What are the prime factors of u?
73
Let k(g) = -g**2 - 11*g + 11. Let q(b) = b**3 - 6*b**2 - 6*b + 5. Let a be q(7). Suppose -2*j = -4*j - a. What are the prime factors of k(j)?
41
Let y = -643 - -919. What are the prime factors of y?
2, 3, 23
Suppose 7 = 5*c + 17. Let j(b) = -11*b - 5. List the prime factors of j(c).
17
Suppose 2*h - 29 + 261 = d, -914 = -4*d + h. What are the prime factors of d?
2, 3, 19
Suppose 181903 - 57311 = 52*g. List the prime factors of g.
2, 599
Let d(g) = 2 - g - 7*g**3 + 53*g**2 + 20*g**3 - 51*g**2 + 4*g**3. What are the prime factors of d(2)?
2, 3
Let c(q) = -q**3 - 15*q**2 - 2*q - 45. Let r(m) = m**3 + 16*m**2 + 3*m + 44. Let v(o) = -3*c(o) - 4*r(o). List the prime factors of v(-19).
73
Let l be ((-6)/15)/((-2)/30). Let d be 4/l*(-7 - -10). Suppose -r = 2*n - 53, d*r = -n - 4*n + 131. List the prime factors of n.
5
Suppose 0*c + u = -c + 9, 2*c - 3*u = -7. What are the prime factors of 12 - c/(-8)*0?
2, 3
Suppose 0 = 23*x - 10*x - 11089. What are the prime factors of x?
853
List the prime factors of (-13)/(-2)*(8 + 90).
7, 13
Let k = 931 - -2116. List the prime factors of k.
11, 277
Let k be 388/36 + 8/36. Suppose -12*b + 144 = -k*b. What are the prime factors of b?
2, 3
Let z(u) = u**3 + 9*u + 3*u**2 - 2 + 0 - u**2 - 11*u. Let j be z(-2). Suppose 0*b - 3*b + j*f = -76, 128 = 4*b + 4*f. List the prime factors of b.
2, 7
Let c(p) = 43*p**2 - 15*p - 173. List the prime factors of c(-8).
2699
Let t = -79 + 79. Let h = 331 + -145. Suppose -5*l + n + 0*n + h = t, -2*l = 3*n - 88. List the prime factors of l.
2, 19
Suppose -552 + 1803 = 2*b - 5*t, -b = 2*t - 621. List the prime factors of b.
7, 89
Suppose -42 + 22 = -4*q. Let l be (-26)/q - (-3)/15. Let a(f) = f**3 + 8*f**2 + 6*f - 7. List the prime factors of a(l).
2, 19
Suppose 0 = 68*t - 60*t - 5408. What are the prime factors of t?
2, 13
Let p be 28/(-8)*12/(-21). Suppose p*a = a + 26. List the prime factors of a.
2, 13
Suppose 3*l - 3003 = -3*g, 0 = 4*l + 21*g - 25*g - 3972. What are the prime factors of l?
997
Let r(m) = -m + 11. Let p be r(0). Let j = 8 - p. List the prime factors of (j + -40)/(2 + -3).
43
Let g be (-4 + 10)/(6/4). Suppose 3*z = g*z. What are the prime factors of z - (2*15)/(-3)?
2, 5
Suppose -b - o + 2185 = 0, 2651 + 1684 = 2*b - 5*o. List the prime factors of b.
2, 5, 109
Let k = 1193 - 614. What are the prime factors of k?
3, 193
Suppose -3*o + 9 = 0, -2*a + 21 + 4 = 5*o. Suppose 7*s + 2*j = 2*s + 53, -3*s = a*j - 47. What are the prime factors of s?
3
Suppose -2*c + 38 = -10. Let z = c + 7. What are the prime factors of z?
31
Suppose g + 20 = -5*h, -4*h - 5*g + 11 - 27 = 0. Let y(j) = -15*j - 6. List the prime factors of y(h).
2, 3
Let z(i) = -1 + i + 3*i**2 - 134*i**3 - 2*i**2 + 2*i**2 - 65*i**3. Let u be z(-1). List the prime factors of ((-6)/4)/((-6)/u).
2, 5
Let u(d) = -d**3 - 3*d**2 + 7*d + 4. Suppose 19 - 7 = -2*j. What are the prime factors of u(j)?
2, 5, 7
Let o = 39 - 35. Suppose 0*a + 5*s = 5*a - 1575, 320 = a + o*s. List the prime factors of a.
2, 79
Let p(k) = -k**3 + 2*k**2 + k - 2. Let m be p(2). Suppose 8 = b - 2*s, b + m*b - s = 4. Suppose b = -h + 11 + 7. What are the prime factors of h?
2, 3
Suppose -4*b - 2*y + 6 = -4*y, b - 5*y + 12 = 0. What are the prime factors of ((-2110)/(-15))/2 - 1/b?
2, 5, 7
Let p(x) = -3*x**3 - x**2 - 2*x - 1. Suppose 7*c = -j + 3*c - 19, 2*j - c = 7. Let i = 0 - j. What are the prime factors of p(i)?
3
Suppose -410 = -2*y - 4*c, -c + 6*c - 5 = 0. What are the prime factors of y?
7, 29
Let h be 4/(-4 + 6) - 0. Suppose i + h*i - 108 = 0. Let p = 52 - i. List th